ded by 94?
91
What is the remainder when 1041945 is divided by 21264?
9
Calculate the remainder when 101220 is divided by 3608.
196
What is the remainder when 2068323 is divided by 413662?
13
Calculate the remainder when 33643 is divided by 742.
253
What is the remainder when 6809173 is divided by 34?
27
Calculate the remainder when 1667111 is divided by 46.
25
Calculate the remainder when 465653 is divided by 42311.
232
What is the remainder when 1314560 is divided by 657245?
70
What is the remainder when 9818243 is divided by 494?
487
Calculate the remainder when 1468203 is divided by 21910.
233
Calculate the remainder when 272419 is divided by 632.
27
What is the remainder when 177420 is divided by 35442?
210
What is the remainder when 2607532 is divided by 3652?
4
What is the remainder when 3466227 is divided by 2358?
2325
What is the remainder when 2314198 is divided by 8?
6
What is the remainder when 89052334 is divided by 1086004?
6
What is the remainder when 252119181 is divided by 48?
45
Calculate the remainder when 66116 is divided by 21990.
146
What is the remainder when 2904365 is divided by 161351?
47
What is the remainder when 16552 is divided by 2713?
274
Calculate the remainder when 2748722 is divided by 240.
2
What is the remainder when 10520133 is divided by 6081?
3
Calculate the remainder when 776406 is divided by 1539.
750
Calculate the remainder when 355444 is divided by 3701.
148
What is the remainder when 118190 is divided by 3615?
2510
Calculate the remainder when 14474829 is divided by 53.
52
Calculate the remainder when 7740 is divided by 1710.
900
Calculate the remainder when 1474156 is divided by 9955.
816
What is the remainder when 18407 is divided by 4306?
1183
What is the remainder when 5820863 is divided by 1136?
1135
What is the remainder when 38671 is divided by 354?
85
Calculate the remainder when 24334322 is divided by 2433432.
2
What is the remainder when 2558465 is divided by 573?
20
What is the remainder when 6187445 is divided by 862?
9
What is the remainder when 798772 is divided by 7328?
20
What is the remainder when 4463651 is divided by 15?
11
Calculate the remainder when 2759972 is divided by 552.
524
Calculate the remainder when 3458215 is divided by 55.
35
What is the remainder when 10813347 is divided by 182?
181
What is the remainder when 31487690 is divided by 124?
122
What is the remainder when 2401925 is divided by 22?
9
Calculate the remainder when 287090 is divided by 52.
50
Calculate the remainder when 5696089 is divided by 18.
7
Calculate the remainder when 29570520 is divided by 594.
12
What is the remainder when 2389652 is divided by 49?
20
Calculate the remainder when 36950 is divided by 11985.
995
Calculate the remainder when 60936125 is divided by 352.
349
What is the remainder when 26909 is divided by 3038?
2605
What is the remainder when 18572199 is divided by 559?
542
Calculate the remainder when 1525176 is divided by 7705.
7291
Calculate the remainder when 115831 is divided by 2572.
91
Calculate the remainder when 11488977 is divided by 499517.
86
Calculate the remainder when 4896578 is divided by 85.
68
What is the remainder when 7682461 is divided by 2839?
127
Calculate the remainder when 74007 is divided by 2014.
1503
What is the remainder when 20173150 is divided by 3156?
3154
Calculate the remainder when 177356 is divided by 465.
191
What is the remainder when 36402774 is divided by 43?
6
Calculate the remainder when 253900110 is divided by 3.
0
Calculate the remainder when 8472331 is divided by 41531.
7
What is the remainder when 945302 is divided by 52516?
14
Calculate the remainder when 55024 is divided by 6812.
528
Calculate the remainder when 54328 is divided by 454.
302
What is the remainder when 74516901 is divided by 706?
13
Calculate the remainder when 1119157 is divided by 81.
61
Calculate the remainder when 496953 is divided by 1227.
18
What is the remainder when 87879945 is divided by 7224?
7209
Calculate the remainder when 9983250 is divided by 1996650.
0
Calculate the remainder when 6668 is divided by 934.
130
What is the remainder when 1049379 is divided by 1198?
1129
What is the remainder when 188767 is divided by 4205?
3747
What is the remainder when 103018 is divided by 51167?
684
Calculate the remainder when 358782 is divided by 1346.
746
What is the remainder when 91851 is divided by 158?
53
Calculate the remainder when 4860076 is divided by 158.
154
Calculate the remainder when 270415 is divided by 270337.
78
What is the remainder when 35724 is divided by 1483?
132
What is the remainder when 13271156 is divided by 61?
57
Calculate the remainder when 25451987 is divided by 843.
131
Calculate the remainder when 28167 is divided by 204.
15
Calculate the remainder when 44064113 is divided by 5508013.
9
Calculate the remainder when 46305071 is divided by 47688.
23
What is the remainder when 65687 is divided by 9359?
174
What is the remainder when 16299799 is divided by 7?
5
Calculate the remainder when 401011 is divided by 4068.
2347
Calculate the remainder when 327749 is divided by 1.
0
Calculate the remainder when 283024 is divided by 141232.
560
Calculate the remainder when 416345 is divided by 60.
5
What is the remainder when 35538227 is divided by 2126?
11
What is the remainder when 479423 is divided by 31961?
8
What is the remainder when 3129850 is divided by 260820?
10
What is the remainder when 69034 is divided by 3565?
1299
What is the remainder when 594770 is divided by 28297?
533
Calculate the remainder when 30194934 is divided by 7548728.
22
What is the remainder when 85904 is divided by 137?
5
Calculate the remainder when 59646 is divided by 59642.
4
What is the remainder when 2158767 is divided by 6897?
6
Calculate the remainder when 173403998 is divided by 1375.
1373
Calculate the remainder when 5485761 is divided by 35392.
1
Calculate the remainder when 133464772 is divided by 66732382.
8
Calculate the remainder when 8096751 is divided by 180.
171
What is the remainder when 4305366 is divided by 244?
230
What is the remainder when 4501104 is divided by 10092?
72
What is the remainder when 4374661 is divided by 167?
96
What is the remainder when 1283651 is divided by 25167?
134
What is the remainder when 38452331 is divided by 2633?
2632
What is the remainder when 11405 is divided by 196?
37
Calculate the remainder when 154296 is divided by 154270.
26
Calculate the remainder when 6871404 is divided by 839.
833
What is the remainder when 18312102 is divided by 6104034?
0
Calculate the remainder when 3805941 is divided by 543704.
13
Calculate the remainder when 1696767 is divided by 30.
27
Calculate the remainder when 443918 is divided by 44388.
38
What is the remainder when 2548469 is divided by 54?
47
What is the remainder when 111894557 is divided by 5416?
5413
Calculate the remainder when 126740 is divided by 2778.
1730
Calculate the remainder when 30586945 is divided by 36413.
25
Calculate the remainder when 13727697 is divided by 150.
147
What is the remainder when 626913 is divided by 938?
329
Calculate the remainder when 9783176 is divided by 243.
239
Calculate the remainder when 115349358 is divided by 14.
12
What is the remainder when 1269227 is divided by 129?
125
Calculate the remainder when 197057195 is divided by 191.
12
What is the remainder when 4990350 is divided by 94?
78
Calculate the remainder when 172384807 is divided by 2799.
2794
What is the remainder when 334626 is divided by 47608?
1370
Calculate the remainder when 111024 is divided by 110997.
27
What is the remainder when 1881269 is divided by 70?
19
What is the remainder when 19930617 is divided by 667?
657
What is the remainder when 574111 is divided by 16885?
21
Calculate the remainder when 20633301 is divided by 1926.
63
Calculate the remainder when 1468177 is divided by 12653.
429
What is the remainder when 6851489 is divided by 78751?
152
What is the remainder when 1506525 is divided by 7109?
6526
What is the remainder when 3027713 is divided by 1513791?
131
What is the remainder when 419112 is divided by 175?
162
Calculate the remainder when 20018 is divided by 3498.
2528
Calculate the remainder when 109746 is divided by 3232.
3090
Calculate the remainder whe